
Is 549811 a prime number?
False
Is 91213 prime?
False
Is 157629 composite?
True
Is 129793 composite?
False
Is 364567 a prime number?
False
Is 1943 a prime number?
False
Is 937 composite?
False
Is 502 composite?
True
Is 547537 composite?
False
Is 11126 a prime number?
False
Is 8663 a prime number?
True
Is 72763 a composite number?
False
Is 93539 a composite number?
True
Is 62323 composite?
False
Is 186683 a prime number?
False
Is 395069 prime?
True
Is 11027 composite?
False
Is 46019 composite?
True
Is 5613 a composite number?
True
Is 37277 prime?
True
Is 287977 a prime number?
True
Is 158387 prime?
False
Is 2821001 composite?
False
Is 157991 composite?
False
Is 78367 composite?
False
Is 68189 prime?
False
Is 2434085 composite?
True
Is 3943 a prime number?
True
Is 81611 composite?
False
Is 39085 composite?
True
Is 27901 a composite number?
False
Is 10211 a prime number?
True
Is 4907 a prime number?
False
Is 191309 a composite number?
True
Is 1953717 prime?
False
Is 1115 a composite number?
True
Is 41011 composite?
False
Is 16603 composite?
False
Is 301633 composite?
True
Is 36291 composite?
True
Is 589 a prime number?
False
Is 10643 a composite number?
True
Is 855983 a prime number?
True
Is 5836607 prime?
False
Is 160933 a composite number?
False
Is 368222 prime?
False
Is 818 composite?
True
Is 86959 a prime number?
True
Is 1114 composite?
True
Is 163109 a composite number?
False
Is 977 a prime number?
True
Is 1400911 prime?
False
Is 100313 composite?
False
Is 658703 a prime number?
True
Is 73345 prime?
False
Is 19373 a composite number?
False
Is 259465 composite?
True
Is 614609 a prime number?
True
Is 9277 prime?
True
Is 152527 composite?
True
Is 1953761 a prime number?
True
Is 519383 a prime number?
True
Is 321221 a prime number?
True
Is 39899 composite?
True
Is 4871 a composite number?
False
Is 537631 a composite number?
True
Is 69181 a composite number?
True
Is 58537 a prime number?
True
Is 90221 a prime number?
False
Is 3172627 a composite number?
False
Is 743815 a prime number?
False
Is 146635 a prime number?
False
Is 31847 composite?
False
Is 2269 a prime number?
True
Is 88577 composite?
True
Is 332791 a prime number?
True
Is 35233 a prime number?
False
Is 181903 prime?
True
Is 443 prime?
True
Is 11185 prime?
False
Is 1367 composite?
False
Is 31421 a prime number?
False
Is 27539 composite?
False
Is 5666 a composite number?
True
Is 491479 a prime number?
False
Is 228049 composite?
False
Is 484131 composite?
True
Is 261251 a prime number?
True
Is 2299831 a composite number?
True
Is 104773 a prime number?
True
Is 26081 prime?
False
Is 359129 prime?
True
Is 501539 prime?
False
Is 8609 a prime number?
True
Is 321359 prime?
True
Is 1039 composite?
False
Is 35437 prime?
True
Is 17891 composite?
False
Is 25919 composite?
False
Is 72213 a prime number?
False
Is 28639 a composite number?
True
Is 977 a composite number?
False
Is 45883 a prime number?
False
Is 56963 a prime number?
True
Is 200471 a composite number?
True
Is 19831 a prime number?
False
Is 2317 prime?
False
Is 3905879 a composite number?
False
Is 271661 composite?
True
Is 17707 a composite number?
False
Is 149165 composite?
True
Is 4781 a prime number?
False
Is 101189 a prime number?
False
Is 89135 prime?
False
Is 1062667 a prime number?
False
Is 47227 prime?
False
Is 958921 a prime number?
True
Is 284681 composite?
False
Is 128257 a composite number?
False
Is 225947 a composite number?
True
Is 46117 composite?
True
Is 372197 a composite number?
True
Is 45397 a composite number?
True
Is 1976963 prime?
False
Is 13081 a prime number?
False
Is 37171 composite?
False
Is 9509 a composite number?
True
Is 522571 composite?
True
Is 47209 prime?
False
Is 7033 a prime number?
False
Is 55829 a composite number?
False
Is 457 a composite number?
False
Is 331801 composite?
False
Is 1700047 composite?
False
Is 10265 a composite number?
True
Is 54521 prime?
True
Is 7855271 a prime number?
True
Is 21157 composite?
False
Is 32411 a prime number?
True
Is 118315 prime?
False
Is 292255 a prime number?
False
Is 7901 prime?
True
Is 250543 a prime number?
True
Is 55963 a prime number?
False
Is 71014 composite?
True
Is 15991 a prime number?
True
Is 13397 a prime number?
True
Is 220919 a prime number?
True
Is 426883 a prime number?
False
Is 453515 prime?
False
Is 10671 a prime number?
False
Is 162053 composite?
False
Is 7067 a composite number?
True
Is 3427 composite?
True
Is 30729 a prime number?
False
Is 1491033 composite?
True
Is 12407 prime?
False
Is 29101 prime?
True
Is 54869 a composite number?
False
Is 315313 a composite number?
False
Is 119065 a composite number?
True
Is 639581 a composite number?
True
Is 184409 prime?
True
Is 675959 a composite number?
False
Is 44881 a composite number?
True
Is 106109 a composite number?
False
Is 308443 a prime number?
False
Is 248343 a composite number?
True
Is 54357 prime?
False
Is 58337 a prime number?
True
Is 28511 prime?
False
Is 177377 a composite number?
True
Is 8659 a composite number?
True
Is 591739 a composite number?
False
Is 2100353 a prime number?
True
Is 2393 composite?
False
Is 635 prime?
False
Is 220141 a prime number?
True
Is 4861 prime?
True
Is 6449 prime?
True
Is 1693 a prime number?
True
Is 846647 a prime number?
True
Is 1189 a prime number?
False
Is 18937 a composite number?
True
Is 16307 composite?
True
Is 206 a composite number?
True
Is 2777 a composite number?
False
Is 91183 composite?
False
Is 7639 a composite number?
False
Is 1951199 prime?
True
Is 12877 a composite number?
True
Is 128747 a composite number?
False
Is 96323 a prime number?
True
Is 6689 composite?
False
Is 1477 a prime number?
False
Is 235483 a composite number?
False
Is 46301 prime?
True
Is 7895 prime?
False
Is 302831 composite?
False
Is 45233 prime?
True
Is 3203 a prime number?
True
Is 1913215 a prime number?
False
Is 6861 a prime number?
False
Is 439 composite?
False
Is 181247 prime?
False
Is 43391 composite?
False
Is 187211 prime?
True
Is 321547 prime?
True
Is 4381177 composite?
False
Is 673 a composite number?
False
Is 1481 a composite number?
False
Is 105701 prime?
True
Is 396271 prime?
False
Is 12889 prime?
True
Is 7837 a composite number?
True
Is 1543 prime?
True
Is 953 a prime number?
True
Is 10033 composite?
True
Is 48751 a composite number?
False
Is 13261 composite?
True
Is 19153 prime?
False
Is 3190943 composite?
True
Is 2541391 composite?
False
Is 352853 composite?
False
Is 736069 composite?
True
Is 4843 composite?
True
Is 1907 a prime number?
True
Is 10477 a composite number?
False
Is 1011641 a composite number?
False
Is 31847 composite?
False
Is 76463 prime?
True
Is 59002 a composite number?
True
Is 194329 composite?
True
Is 1073 a composite number?
True
Is 2503 a prime number?
True
Is 13267 a composite number?
False
Is 1944307 a prime number?
False
Is 1169341 a prime number?
True
Is 4111 composite?
False
Is 45131 prime?
True
Is 16811 a prime number?
True
Is 3749 a composite number?
True
Is 193423 prime?
True
Is 2044147 a composite number?
True
Is 308621 prime?
True
Is 18101 prime?
False
Is 8315 a prime number?
False
Is 1637 a composite number?
False
Is 147995 a composite number?
True
Is 11359 a prime number?
False
Is 646813 composite?
True
Is 6337 composite?
False
Is 150619 prime?
False
Is 52147 composite?
False
Is 967858 a composite number?
True
Is 24169 composite?
False
Is 262183 composite?
True
Is 673 a prime number?
True
Is 1692811 prime?
False
Is 367 composite?
False
Is 42557 composite?
False
Is 85283 a composite number?
True
Is 404951 prime?
True
Is 55193 composite?
True
Is 648409 a prime number?
False
Is 191929 composite?
False
Is 121129 a composite number?
True
Is 3877 a composite number?
False
Is 88742 composite?
True
Is 485493 a prime number?
False
Is 18651 composite?
True
Is 44093 a prime number?
False
Is 55579 a prime number?
True
Is 121259 prime?
True
Is 129531 composite?
True
Is 153926 a composite number?
True
Is 45802 a composite number?
True
Is 1145891 prime?
False
Is 172553 a prime number?
True
Is 18391 composite?
True
Is 189443 a composite number?
True
Is 57515 a composite number?
True
Is 26441 prime?
False
Is 443203 a composite number?
False
Is 372693 a composite number?
True
Is 41539 a prime number?
True
Is 2957 a composite number?
False